742. Is s a prime number?
True
Let k be 3/((-39149)/3014 - -13). Suppose 0 = -3*c + 5*b + 389, c - 2*b = -35 + 166. Suppose -p = -c - k. Is p a prime number?
True
Let z be (36/14)/(-7 + 1722/245). Suppose 94*i - z*i = 12. Suppose 0 = -i*x - 3*v + 2025, x = -x - 3*v + 1352. Is x composite?
False
Let n(k) = 1. Let g(w) = -99*w**2 - 8*w - 14. Suppose 0*a - 4*a + 18 = 2*f, 3*f + 3*a - 12 = 0. Let m(b) = f*g(b) - 3*n(b). Is m(-3) composite?
True
Let v(b) = -b**3 + 140*b**2 + 172*b - 568. Is v(135) composite?
False
Suppose 2*p = -5*p + 116683. Let b = p - 8900. Is b composite?
True
Suppose 4*b + 31 = n, b = -0*b + 3*n - 16. Let y be b/((-98)/(-4)) + 2/7. Let a = y + 69. Is a a prime number?
False
Let h(y) = y**2 + 19*y - 54. Let s be h(-21). Let d = 895 + s. Is d a composite number?
False
Let z(o) = 894*o**2 + 6. Let g be z(3). Suppose -26430 = -6*p + g. Is p a prime number?
False
Suppose 5*l - 2*v - 22 = 30, 4*l - 35 = -5*v. Let n = 12 - l. Suppose 4*b - n*b - 10766 = 0. Is b a prime number?
False
Suppose -27*c + 1176610 = -46*c + 29*c. Is c a prime number?
False
Let t(m) = -m - 8. Let u be t(-14). Suppose -u*b - 1315 = 10949. Let w = -1005 - b. Is w composite?
False
Suppose 218097 = -4*h + 5*c + 1732389, 3*h + 5*c - 1135649 = 0. Is h a composite number?
True
Suppose -18 = 15*r - 93. Suppose 4*a - 7206 = -r*p, 0 = p + 4*a - 3*a - 1442. Is p composite?
True
Let m be (117/(-5))/((-3)/(47 - 2)). Is (-255982)/(-18) + (-78)/m a prime number?
True
Suppose -11*a + 90 = 7*a. Suppose 13045 = 10*z - a*z. Is z prime?
True
Suppose -31684 = 71*v - 1417533. Is v prime?
False
Let j(q) = -780*q - 2263. Is j(-52) prime?
False
Let l = -448 + 1060. Let v = 993 - l. Is v a composite number?
True
Let c be (-7)/(21/(-6)) - (1060 - 9). Let a = 2304 - c. Is a a composite number?
True
Let r(z) = 5*z - 107. Let g(p) = -2*p + 36. Let d(w) = -8*g(w) - 3*r(w). Is d(18) prime?
False
Suppose 42770 = -7*i + 41453 + 100948. Is i a prime number?
False
Suppose 2*j - 748 = 318. Let a = -224 + j. Is a prime?
False
Let c(k) = 17*k**3 + 4*k**2 + 15*k - 5. Is c(7) prime?
False
Let f(m) = m**2 - 15*m - 19. Let l be f(16). Is 1*-21621*l/9 prime?
True
Suppose -4*p + 3*w + 7 = -52, -7 = -2*p - 3*w. Suppose -2*n = -3*s + 87241, -p*s + 13*s + n - 58149 = 0. Is s composite?
False
Let k = 20230 + 49909. Is k composite?
False
Let a(i) = i**3 + 35*i**2 + 264*i - 6. Let j be a(-16). Suppose -1 - 4 = -o. Suppose y = o, -y = -3*d - 0*y + j. Is d a prime number?
False
Let g be 3/((-5)/((-520)/3)). Suppose -i + 1006 = g. Let q = 1443 - i. Is q composite?
False
Is (838 + 3015284)*(-2)/(-12) a prime number?
True
Let j = 18966 + -9705. Suppose 0 = -9*l + 2*l + j. Let o = l + -688. Is o a composite number?
True
Let h = -411 - -783. Let q = h - 169. Is q prime?
False
Suppose -4*h - 5*v - 26037 = 0, 3*v = -4*h - 9082 - 16953. Let r = 1911 - h. Is r a composite number?
False
Is 93/(-124)*(1 - (-7308861)/(-9)) prime?
True
Suppose 2*q + 4*n - 4534 = 0, 3*q - 2*q = -5*n + 2267. Let b = 3976 - q. Is b a prime number?
True
Let z(b) = -b**3 + 8*b**2 - 6*b - 7. Let q be z(5). Suppose 42*c + 980 = q*c. Let a = c - -603. Is a a composite number?
True
Let w = 204 + -119. Let d = 98 - w. Is 475 + d/3 + (-5)/15 a composite number?
False
Suppose 10*q - 547522 = 11*h - 8*h, 2*q - 4*h = 109518. Is q composite?
False
Let f(b) = -398*b - 2. Let a = -30 + 29. Let r be f(a). Suppose 6*z - 5*z - c - 128 = 0, -c + r = 3*z. Is z a composite number?
False
Suppose -32128 + 6123 = 152*w - 187*w. Is w composite?
False
Let r = -65878 + 42120. Is (r + 1)/(6 + 72/(-8)) prime?
True
Suppose 3*t - 19220 = 5*y, -25*t + 32070 = -20*t - y. Is t prime?
False
Let d(t) = t**2 + 27*t - 118. Let g be d(-30). Let r = 95 + g. Is r composite?
False
Suppose -2*j + 8 = 0, w + j = 5*j - 15. Suppose -3*y - 8 = -7*y + z, 5*y = 4*z - w. Suppose -3*r = y*r - 1590. Is r prime?
False
Let q = 40505 - 17590. Is q prime?
False
Let a be 1*-4 + 82 + 46. Let y = a - -5175. Is y a prime number?
False
Let s(r) = 1250*r**3 - 2*r**2 + 105*r - 625. Is s(6) a composite number?
True
Let v(p) = 2*p + 26*p**2 - 3*p - 25*p**2. Let m be v(0). Suppose m = -15*x + 11*x + 1180. Is x a prime number?
False
Let h = -577982 - -840763. Is h a composite number?
False
Suppose 2 = -l - 2. Let s(a) = -a**2 + 24*a - 305. Let z be s(15). Is (-2)/l*(12 - z) a prime number?
False
Suppose 2*r + 8*b = 5*b + 431, 2*r - 391 = 5*b. Let q = r - 14. Is q a prime number?
False
Suppose 2*p - 4*j = 54778, -j = 3*p + p - 109592. Is p prime?
True
Let b = 43 + -90. Let m = b - -41. Let q(w) = -64*w - 2. Is q(m) a prime number?
False
Suppose 30 = 113*w - 108*w. Suppose -5*t = 2*s - 39, -12 - 15 = -2*t + 3*s. Suppose -w*u + t = -105. Is u prime?
True
Let u(n) = n**3 + 3*n**2 - 27*n + 14. Let s(q) = -2*q**3 - 7*q**2 + 56*q - 29. Let b(j) = 6*s(j) + 13*u(j). Is b(15) prime?
False
Let n(h) = 135*h - 15. Let i(d) be the first derivative of 202*d**2 - 45*d + 25. Let a(l) = 4*i(l) - 11*n(l). Is a(6) composite?
True
Let c(o) = 370*o**2 - 8*o + 9. Let l be 6*(-5)/30*4. Is c(l) prime?
False
Suppose 3*k + 4591808 = 5*y, -34*y = -37*y + k + 2755084. Is y composite?
False
Suppose 145*j - 26232805 = -5197123 + 7297463. Is j composite?
False
Let o = -132720 + 280799. Is o a prime number?
True
Let z = 2787 + -1893. Let p = z - -2079. Is p a composite number?
True
Is 80097540/360 - (-2)/(-12) a composite number?
False
Let b = -364 + 379. Suppose -236453 = -2*r - b*r. Is r composite?
True
Let t(i) = i - 1. Let q(h) = -262*h + 17. Let g(s) = q(s) - 4*t(s). Let b be g(-12). Let y = b - 1010. Is y prime?
True
Let u = 703 - 697. Is (0 - (-26997)/u)/(16/96) prime?
False
Suppose 2*f - 16308 = 2*k, 4*k = -f - 1003 + 9117. Is f prime?
False
Let v(g) = 3133*g - 3. Let q(z) = -3132*z + 4. Let d(c) = -5*q(c) - 6*v(c). Let n be d(-5). Suppose -10*b = 1998 - n. Is b a composite number?
True
Suppose -58 = -6*q - 4. Suppose -q*k - 14*k = -26473. Is k a composite number?
False
Let o = 172 + -178. Is (-49506)/o + (-1 - 0 - -1) composite?
True
Suppose 9*f + 22*f = 12989. Let h = 824 + f. Is h prime?
False
Is (16/8)/((-19)/((-6349059)/18)) a composite number?
True
Let n = -37 + 43. Let m be 10/((-3)/n*2). Is 338*((-5)/m - 0) a prime number?
False
Suppose 33*g + 1832491 - 6627490 = 0. Is g prime?
True
Suppose -3*j = 21, -1951*c - 4*j + 620187 = -1946*c. Is c prime?
False
Let g(u) = 1617*u**2 - 22*u + 109. Is g(6) composite?
False
Suppose -2*o = 3*o + 2645. Let t(d) = -190*d**3 - d**2 + 27*d - 50. Let y be t(2). Let f = o - y. Is f prime?
True
Suppose 5*c - 18*y - 18839 = 0, 2*c = -y + 4371 + 3222. Is c a composite number?
False
Suppose 5*l = 2*g - 146024, 166*g + 364991 = 171*g - l. Is g prime?
True
Let o(d) = -371*d + 3. Let k be o(2). Let f = 873 - -173. Let y = k + f. Is y a prime number?
True
Suppose -79*a + 10 = -74*a. Let q be a - 0 - (-2*26689 - 4). Suppose -9*v = -v - q. Is v prime?
True
Let t(f) be the third derivative of -f**4/6 - 5*f**3/3 - 12*f**2. Let p be t(-3). Is (-1)/((-1)/1561) + (-4)/p a prime number?
True
Let m(c) = 11765*c**2 + 5*c + 23. Is m(-3) prime?
False
Let x(c) = 3*c**2 - 7*c - 8. Let d be x(-13). Suppose 8*v - 3498 = d. Suppose a - 5*i - 273 = v, -3*a - 2*i = -2335. Is a a composite number?
True
Let k(q) = 428*q**2 - 14*q + 353. Let w(l) = -143*l**2 + 4*l - 118. Let c(r) = 6*k(r) + 17*w(r). Is c(5) a composite number?
False
Let l = 547472 - 238407. Is l a composite number?
True
Let q = -20 - -20. Suppose 2*k + 0*k - 6326 = q. Is k a composite number?
False
Let s be (-9 + -1)*3/5. Let y be s/(-5)*700/(-30). Is 2*y/(-16)*226 prime?
False
Suppose -151*m + 20188428 = -36*m + 41*m. Is m prime?
False
Let s(v) = 625*v - 119. Let p be s(-2). Let h = 2282 + p. Is h a composite number?
True
Is ((-141239)/77)/(21/(-231)) a prime number?
True
Suppose 4*i - 5*p - 1235 = 9*i, 0 = -i + 5*p - 217. Let f = 453 + i. Is f composite?
False
Let k be 10 - 1/((1 + 2)/(-12)). Is ((-553)/k)/(5/(-290)) a composite number?
True
Let t(a) = 3*a**3 - 81*a**2 + 57*a - 1042. Is t(71) composite?
False
Let d be (-4 - -2) + 2 + 8080 - 4. Suppose 17*s - 4385 = d. Is s a composite number?
False
Suppose -23 = -0*v - 5*v + 3*c, -v + 3*c = -7. Suppose -99734 + 14359 = -3*h + 5*d, -v*h + 113848 = -3*d. Is h a composite number?
True
Let i = -29890 + 8